
Suppose -r + 131 = -5*v, -3*r + 0*r = 5*v - 413. Let i = 81 - r. Let b = i - -76. Is b a prime number?
False
Suppose 3*x = 3 + 3, -31 = 5*f + 2*x. Let v be 16/2 - (-3 - f). Suppose v*z - 4482 + 1246 = 0. Is z prime?
True
Is (-2538288)/(-36) + 44/4 prime?
False
Let d(v) = 3301*v + 9498. Is d(103) a composite number?
True
Suppose 0 = -51*x + 27842 - 659. Is x a composite number?
True
Let u = -1 + 6. Let d(v) = 7*v**2 - 4*v**2 + v**2 + 2*v + 2*v**2 - 5*v**2 - 4. Is d(u) composite?
False
Suppose -h = -2*t - 164619, -184*h + 187*h = -t + 493899. Is h prime?
False
Let s be (33/(-4))/(9/(-38772) - 0). Let b = 55934 - s. Is b a prime number?
True
Let w = -3659 + 14458. Is w composite?
False
Suppose -13*r - 4*k = -345531, 4*r = 5*k - 8*k + 106319. Is r a composite number?
True
Let p = 94348 - 44999. Is p a prime number?
False
Let j be (19 - 22)/((-6)/4). Let h be (-16)/(-7) + j/(-7). Suppose -1936 - 2982 = -h*k. Is k a prime number?
True
Suppose 3*v - 674935 = -5*w + 5*v, -7*w - 5*v = -944948. Is w a prime number?
True
Suppose 374 - 41 = y - 4*l, 4*l = -2*y + 666. Suppose 164 - 92 = 24*z. Suppose -y = -z*j - 0*j. Is j prime?
False
Let d = 900642 - 441179. Is d composite?
False
Let p = -26 + 48. Let n = p - 20. Is (12216/36)/(n*(-2)/(-12)) prime?
False
Let p = 20057 - 6970. Is p a prime number?
False
Suppose -12*p - 78751 + 950793 = -107722. Is p a prime number?
True
Let k(j) = 5*j**2 + 4*j - 13. Let p be k(2). Let z(g) = 8*g - 6*g - 271*g - p. Is z(-16) composite?
False
Suppose -27*g + 2996322 = -24*g - 3*x, -3*g + 2996319 = -2*x. Is g prime?
False
Let w(b) = 1061*b**2 + 15*b - 447. Is w(11) a prime number?
True
Let z be (14/(-3))/((-4)/6). Suppose 0 = -z*n - 12546 - 5829. Let s = n + 3764. Is s a composite number?
True
Let u be 3 + 2/4*0. Let y(w) = -56*w. Let s(r) = -177*r - 2. Let a(i) = -s(i) - 3*y(i). Is a(u) a composite number?
True
Let l(w) = 11*w + 26. Let v be l(-6). Let q = -39 - v. Is (-262)/(-4) - (2/(-4) - q) a prime number?
True
Suppose n + 5*c = 521143, -5*n + 4*c + 1642577 = -963312. Is n prime?
True
Suppose 3*a - 1214857 = 2*r, 14 = 5*r - 6. Suppose a = -8*d + 17*d. Is d a prime number?
False
Let i(u) = -u**3 - 28 + 13*u - 16*u - 9*u + 28*u**2. Let v be i(15). Suppose v = 7*h - 28202. Is h a prime number?
False
Let q(m) = -27*m**2 - 2*m + 13. Let c be q(3). Let h be 25/(-15) + 1 + c/6. Let r = h - -79. Is r a composite number?
True
Let y(d) = 123*d**2 - 15*d - 7. Suppose -29 = -9*v + 7. Is y(v) prime?
True
Let r = 277320 + -183287. Is r prime?
True
Let i be -4 - -6 - 7*1. Let n be 21017/i - 2/(-5). Let g = -2108 - n. Is g prime?
False
Let k be 7/((-7)/2) + 3 + 17. Let j be 4/k*6202 - 26/117. Let v = -875 + j. Is v a prime number?
True
Let y be (1480/(-24))/((-2)/12). Suppose -5*z + y = 3*d, -3*d = -4*d. Is z composite?
True
Let m(c) = 3505*c + 201. Let q be m(-4). Let t = -6408 - q. Is t a prime number?
True
Let g be (-1417)/65*(-5 + 0). Suppose -g*a + 127*a - 87606 = 0. Is a composite?
True
Let w = -323373 + 482486. Is w prime?
True
Suppose -f + 3909 = 2*r - 10754, 0 = 5*f - 4*r - 73413. Is f a prime number?
False
Let c = 90 + -64. Let m(f) = 13*f**2 + 37*f - 28. Is m(c) a composite number?
True
Suppose -78*f + 451169 + 2647317 + 4208788 = 0. Is f prime?
True
Suppose 3352893 = -43*h + 15794470. Is h a composite number?
True
Let o = 35 - 30. Suppose -o*i + 17 = -23. Let r = i - -61. Is r composite?
True
Let z = 2343 - 1864. Is z a composite number?
False
Let f = -19210 - -47490. Suppose 4*j - 18*j + f = 0. Suppose -d = -2*m + j, m - d + 5*d - 1001 = 0. Is m prime?
True
Let s(o) = -81*o - 88. Let j = 792 - 799. Is s(j) composite?
False
Suppose 514 = -46*q + 45*q. Let s = 1507 + q. Is s composite?
True
Is 0 - (-50284)/78*2259/6 prime?
False
Let s = -3162 - -11381. Is s composite?
False
Suppose 20072 = -13*v + 115219. Is v prime?
False
Let s(f) = 3*f**2 - 80*f - 39. Let i be s(27). Is ((0 + -6 - i) + 2093)*1 a composite number?
False
Suppose -4*u - 10 = -4*k + 26, 4*k = 3*u + 36. Suppose -748 = k*f - 9343. Is f composite?
True
Suppose p - 5474698 = -6*u, -2*p + 938890 = 3*u - 1798465. Is u a composite number?
False
Suppose 2*a + 5*j = 222572, -9*a + 7*a = -2*j - 222614. Is a a composite number?
False
Let i be (-38)/(-3) + (-55)/33. Suppose i*d + 42342 = 17*d. Is d a composite number?
False
Let h = 4463 + -1583. Suppose -h = -5*n - 5*w, -5*n + 3*n + w = -1143. Is n composite?
True
Suppose -2*k = 3*l - 41001, -2*l + 24*k + 27334 = 21*k. Is l a composite number?
True
Let y(f) be the second derivative of 1/20*f**5 - 5/2*f**2 - 22*f + 13/12*f**4 - f**3 + 0. Is y(-9) prime?
True
Let w = -75 + 64. Is (97 + 0)*(420/14 - w) a prime number?
False
Is -9*((-4338376)/42 + 9) composite?
True
Suppose -516753 = -5*d + 438794 - 16912. Is d prime?
False
Suppose 196*u - 2393042 = 92577 + 1646649. Is u a composite number?
True
Suppose 3*m + 4*o - 16525 = 0, 4*m + 3*o = -0*m + 22038. Let p = -18474 + 15806. Let s = p + m. Is s a composite number?
False
Suppose -6*g - 4*a - 161024 = -10*g, 0 = 4*g + 5*a - 161042. Is g composite?
True
Let b(h) = -9*h. Let v be b(-1). Suppose -16 = -v*a + 5*a. Let o(r) = 55*r**2 - 6*r + 3. Is o(a) a composite number?
False
Let q(k) = 975*k + 1637. Is q(170) a prime number?
False
Let k be ((-83230)/175)/(2/(-10)). Is -1*(5 + 2 - k) a prime number?
True
Let s(g) = -2*g**3 - 7*g**2 + 5*g + 5. Let h be s(-4). Let f be (20/6)/(h/270). Suppose -f - 105 = -5*n. Is n prime?
False
Let n(g) = -g - 14. Let c be n(-17). Suppose -32 = -3*q - h + 164, 0 = c*q - 2*h - 193. Suppose 1454 = 7*f - q. Is f a prime number?
False
Let u be (-9 - -6)*(3 + (-8 - -3)). Suppose -l - 10 = 4*l. Is (7/l)/(u/(-2148)) a composite number?
True
Suppose -273034 = -4*s + 5*u, s + 912*u - 68253 = 916*u. Is s composite?
False
Let u = 35976 - 19165. Is u a prime number?
True
Suppose 0 = -11*a + 1992382 - 511331. Is a a prime number?
False
Let f = -3259 - -5150. Is f composite?
True
Let m(k) = -18*k - 72. Let u be m(-4). Suppose 10*x + 7997 - 84087 = u. Is x composite?
True
Let r(p) = 382*p**2 + 49*p + 93. Is r(-2) prime?
True
Let t be (-54820)/(-6) + (-16)/24. Let z = t - 4815. Is z a composite number?
True
Let j(h) = -h**3 - 16*h**2 + 17*h + 5. Let o be j(-17). Suppose 0 = o*x - v - 50670, -3*x + 5*v - 6*v = -30394. Is x a prime number?
True
Let m = -57 + 56. Let h(w) = 1060*w**2 - 4*w - 3. Is h(m) a composite number?
False
Suppose -4*f = 7*t - 4*t - 5, 0 = -5*t - 4*f + 11. Suppose -4920 = -5*q + t*y + 5045, -2*y + 9965 = 5*q. Is q composite?
False
Let v(o) = 3043*o**3 - 4*o**2 + 11*o - 29. Is v(3) a prime number?
True
Suppose 4*o - o + 198 = 0. Let h(s) = 2*s**2 - 19*s - 92. Let x be h(26). Is (-88)/o*(-1 - x/(-4)) composite?
True
Let t = -6 - -18. Let u be 7 - -6 - 7/1. Is (40/t)/(-5) - (-1510)/u a composite number?
False
Let g(z) = -4161*z**3 + z**2 - 27*z - 8. Is g(-3) a prime number?
True
Let z be (255/6 + -2)*6/9. Suppose -z - 21 = 4*p. Is -381*(1 + -2)*p/(-36) composite?
False
Let s(a) = -a**3 - 9*a**2 - 16*a - 9. Let u be s(-7). Suppose -7*q + u*r - 2417 = -6*q, -2*r - 2396 = q. Let m = -1441 - q. Is m prime?
False
Let o(p) = 22*p - 5. Let u = 629 - 618. Is o(u) a prime number?
False
Let g = -256964 + 364527. Is g a composite number?
False
Let j(v) = -20*v**2 - 29*v - 12. Let g(c) = -7*c**2 - 10*c - 4. Let r(f) = -17*g(f) + 6*j(f). Let p be r(-3). Is ((-322)/p)/(22/11) prime?
False
Let x = 128282 - 76304. Suppose 256*u - 250*u = x. Is u prime?
True
Let o(d) = -51*d - 7. Let j(l) = -l + 9. Let a be j(6). Let h be o(a). Let q = 467 + h. Is q prime?
True
Suppose -s - 38*p + 1329322 = -35*p, 5*s = -p + 6646680. Is s a prime number?
True
Suppose -4 = 4*i - 16. Let n be (-2)/((-52)/(-16) - i). Let u(h) = h**3 + 11*h**2 + 3*h + 10. Is u(n) prime?
False
Let w(y) = 359*y**2 + 7*y - 149. Is w(12) a prime number?
True
Is 1328080291/1784 - (35/8)/7 composite?
True
Let s be -3 + -2205 - 1*-4. Let a(j) = 152*j**2 - 23*j - 10. Let h be a(5). Let q = s + h. Is q a prime number?
True
Suppose -15*j + 1543486 = -1552498 - 501481. Is j a composite number?
False
Let z be (606730/85)/(-2*(-2)/4). Suppose -10*y + z - 1718 = 0. Is y a prime number?
False
Suppose -5*u = m + 4518, 3*u - 11 = 1. Let c = 10393 + m. Is c a composite number?
True
Let a(b) be the third derivative of